{"id":12797,"date":"2013-11-22T14:51:54","date_gmt":"2013-11-22T14:51:54","guid":{"rendered":"http:\/\/the7.dream-demo.com\/dummy\/?page_id=12797"},"modified":"2019-11-23T20:38:37","modified_gmt":"2019-11-23T20:38:37","slug":"02-business-2","status":"publish","type":"page","link":"https:\/\/zauggag.com\/cina_new\/","title":{"rendered":"Home"},"content":{"rendered":"<p>[vc_row][vc_column][rev_slider_vc alias=&#8220;home_de1&#8243;][\/vc_column][\/vc_row][vc_row animation=&#8220;scale-up&#8220; margin_top=&#8220;20&#8243; margin_bottom=&#8220;20&#8243;][vc_column]<div class=\"gap\" style=\"line-height: 30px; height: 30px;\"><\/div>[vc_column_text]<\/p>\n<h2 style=\"text-align: center;\">Wir verpacken fachgerecht und transportieren weltweit.<\/h2>\n<p>[\/vc_column_text]<div class=\"gap\" style=\"line-height: 50px; height: 50px;\"><\/div><div class=\"gap\" style=\"line-height: 20px; height: 20px;\"><\/div>[\/vc_column][\/vc_row][vc_row][vc_column width=&#8220;1\/3&#8243;]<section class=\"shortcode-teaser frame-fancy frame-on text-centered\"><div class=\"shortcode-teaser-img\"><a class=\"layzr-bg rollover\" href=\"http:\/\/zauggag.com\/chang_zhou\/transportverpackungen-3\/\"><img decoding=\"async\" class=\"lazy-load\" src=\"data:image\/svg+xml;charset=utf-8,%3Csvg xmlns%3D&#039;http%3A%2F%2Fwww.w3.org%2F2000%2Fsvg&#039; viewBox%3D&#039;0 0 0 0&#039;%2F%3E\" data-srcset=\"http:\/\/zauggag.com\/cina_new\/wp-content\/uploads\/2017\/03\/Transportverpackungen1.jpg 0w\" data-src=\"http:\/\/zauggag.com\/cina_new\/wp-content\/uploads\/2017\/03\/Transportverpackungen1.jpg\" \/><\/a><\/div><div class=\"shortcode-teaser-content text-normal\"><h3>Transportverpackungen<\/h3>\n<p>Wir verpacken Ihr Auto, Ihre Maschine oder Ihr Gefahrgut routiniert und passgenau. So ist Ihr Transportgut immer optimal gesch\u00fctzt, egal ob Sie per Bahn, LKW, Schiff oder Flugzeug versenden.<span style=\"font-size: 14px; font-weight: normal;\">\u00a0<div class=\"gap\" style=\"line-height: 25px; height: 25px;\"><\/div> <a href=\"http:\/\/zauggag.com\/chang_zhou\/transportverpackungen-3\/\" class=\"btn-shortcode dt-btn-s dt-btn default-btn-color default-btn-hover-color default-btn-bg-color default-btn-bg-hover-color\" id=\"dt-btn-1\"><span>mehr<\/span><\/a><\/span><\/p>\n<\/div><\/section>[\/vc_column][vc_column width=&#8220;1\/3&#8243;]<section class=\"shortcode-teaser frame-fancy frame-on text-centered\"><div class=\"shortcode-teaser-img\"><a class=\"layzr-bg rollover\" href=\"http:\/\/zauggag.com\/chang_zhou\/verpackungsmaterial-3\/\" target=\"_blank\"><img decoding=\"async\" class=\"lazy-load\" src=\"data:image\/svg+xml;charset=utf-8,%3Csvg xmlns%3D&#039;http%3A%2F%2Fwww.w3.org%2F2000%2Fsvg&#039; viewBox%3D&#039;0 0 0 0&#039;%2F%3E\" data-srcset=\"http:\/\/zauggag.com\/cina_new\/wp-content\/uploads\/2017\/04\/Durchlauf-02.jpg 0w\" data-src=\"http:\/\/zauggag.com\/cina_new\/wp-content\/uploads\/2017\/04\/Durchlauf-02.jpg\" \/><\/a><\/div><div class=\"shortcode-teaser-content text-normal\"><h3>Verpackungsmaterial<\/h3>\n<p>Bei uns bekommen Sie das Verpackungsmaterial, das zu Ihrem Versandgut passt. M\u00f6chten Sie Zeit und Geld sparen? Dann kaufen Sie gleich einen Jahresbedarf und lagern Sie die Verpackungen bei uns ein.<span style=\"font-size: 14px; font-weight: normal;\"><div class=\"gap\" style=\"line-height: 5px; height: 5px;\"><\/div> <a href=\"http:\/\/zauggag.com\/chang_zhou\/verpackungsmaterial-3\/\" class=\"btn-shortcode dt-btn-s dt-btn default-btn-color default-btn-hover-color default-btn-bg-color default-btn-bg-hover-color\" id=\"dt-btn-2\"><span>mehr<\/span><\/a><\/span><\/p>\n<\/div><\/section>[\/vc_column][vc_column width=&#8220;1\/3&#8243;]<section class=\"shortcode-teaser frame-fancy frame-on text-centered\"><div class=\"shortcode-teaser-img\"><a class=\"layzr-bg rollover\" href=\"http:\/\/zauggag.com\/chang_zhou\/services-2\/\" target=\"_blank\"><img decoding=\"async\" class=\"lazy-load\" src=\"data:image\/svg+xml;charset=utf-8,%3Csvg xmlns%3D&#039;http%3A%2F%2Fwww.w3.org%2F2000%2Fsvg&#039; viewBox%3D&#039;0 0 0 0&#039;%2F%3E\" data-srcset=\"http:\/\/zauggag.com\/cina_new\/wp-content\/uploads\/2017\/04\/November-2013.jpg 0w\" data-src=\"http:\/\/zauggag.com\/cina_new\/wp-content\/uploads\/2017\/04\/November-2013.jpg\" \/><\/a><\/div><div class=\"shortcode-teaser-content text-normal\"><h3>Services<\/h3>\n<p>Lagern Sie bei uns Ihre Waren, profitieren Sie von passenden Mietobjekten oder vertrauen Sie auf unser Logistik-Angebot.\u00a0Wir handhaben Ihre G\u00fcter mit Bedacht und mit h\u00f6chster Sorgfalt.<span style=\"font-size: 14px; font-weight: normal;\"><div class=\"gap\" style=\"line-height: 28px; height: 28px;\"><\/div> <a href=\"http:\/\/zauggag.com\/chang_zhou\/services-2\/\" class=\"btn-shortcode dt-btn-s dt-btn default-btn-color default-btn-hover-color default-btn-bg-color default-btn-bg-hover-color\" id=\"dt-btn-3\"><span>mehr<\/span><\/a><\/span><\/p>\n<\/div><\/section>[\/vc_column][\/vc_row][vc_row][vc_column]<div class=\"gap\" style=\"line-height: 40px; height: 40px;\"><\/div><div class=\"gap\" style=\"line-height: 40px; height: 40px;\"><\/div>[\/vc_column][\/vc_row][vc_row][vc_column width=&#8220;2\/3&#8243;][vc_column_text]<\/p>\n<h3>Unsere Kunden<\/h3>\n<p>[\/vc_column_text]<div class=\"gap\" style=\"line-height: 40px; height: 40px;\"><\/div><section class=\"logos-grid wf-container\" data-width=\"180px\" data-columns=\"3\"><div class=\"wf-cell\"><div><a class=\"layzr-bg\" href=\"http:\/\/www.gleason-pfauter.ch\" target=\"_blank\" title=\"\" ><img loading=\"lazy\" decoding=\"async\" class=\"lazy-load\" src=\"data:image\/svg+xml;charset=utf-8,%3Csvg xmlns%3D&#039;http%3A%2F%2Fwww.w3.org%2F2000%2Fsvg&#039; viewBox%3D&#039;0 0 306 145&#039;%2F%3E\" width=\"306\" height=\"145\" alt=\"Gleason-Pfauter\" data-srcset=\"https:\/\/zauggag.com\/cina_new\/wp-content\/uploads\/2017\/03\/Gleason.jpg 306w\" data-src=\"https:\/\/zauggag.com\/cina_new\/wp-content\/uploads\/2017\/03\/Gleason.jpg\" \/><\/a><\/div><\/div><div class=\"wf-cell\"><div><a class=\"layzr-bg\" href=\"http:\/\/www.gfms.com\/\" target=\"_blank\" title=\"\" ><img loading=\"lazy\" decoding=\"async\" class=\"lazy-load\" src=\"data:image\/svg+xml;charset=utf-8,%3Csvg xmlns%3D&#039;http%3A%2F%2Fwww.w3.org%2F2000%2Fsvg&#039; viewBox%3D&#039;0 0 516 196&#039;%2F%3E\" width=\"516\" height=\"196\" alt=\"GF Machining Solutions\" data-srcset=\"https:\/\/zauggag.com\/cina_new\/wp-content\/uploads\/2017\/03\/GFMS.jpg 516w\" data-src=\"https:\/\/zauggag.com\/cina_new\/wp-content\/uploads\/2017\/03\/GFMS.jpg\" \/><\/a><\/div><\/div><div class=\"wf-cell\"><div><a class=\"layzr-bg\" href=\"http:\/\/www.alstom.com\/\" target=\"_blank\" title=\"\" ><img loading=\"lazy\" decoding=\"async\" class=\"lazy-load\" src=\"data:image\/svg+xml;charset=utf-8,%3Csvg xmlns%3D&#039;http%3A%2F%2Fwww.w3.org%2F2000%2Fsvg&#039; viewBox%3D&#039;0 0 306 145&#039;%2F%3E\" width=\"306\" height=\"145\" alt=\"alstrom\" data-srcset=\"https:\/\/zauggag.com\/cina_new\/wp-content\/uploads\/2017\/03\/alstom.jpg 306w\" data-src=\"https:\/\/zauggag.com\/cina_new\/wp-content\/uploads\/2017\/03\/alstom.jpg\" \/><\/a><\/div><\/div><\/section><div class=\"gap\" style=\"line-height: 50px; height: 50px;\"><\/div>[\/vc_column][vc_column width=&#8220;1\/3&#8243;][vc_column_text]<\/p>\n<h3>Testimonials<\/h3>\n<p>[\/vc_column_text]<div class=\"gap\" style=\"line-height: 20px; height: 20px;\"><\/div><section class=\"testimonial-item testimonial-item-slider\"><div class=\"testimonials slider-content owl-carousel dt-owl-carousel-init\" data-autoslide=\"5000\">\n<article>\n\t<div class=\"testimonial-content\">\n\t\t<p>ich werde jedes Mal sehr freundlich und rasch bedient. Die Auftragsabwicklung\u00a0ist effizient und informativ. Ich freue mich auf eine weiterhin gute Zusammenarbeit.<\/p>\n\t<\/div>\n\t<div class=\"testimonial-vcard\">\n\t\t<div class=\"testimonial-thumbnail\">\n\t\t\t<span class=\"alignleft no-avatar\"><svg version=\"1.1\" id=\"Layer_1\" xmlns=\"http:\/\/www.w3.org\/2000\/svg\" xmlns:xlink=\"http:\/\/www.w3.org\/1999\/xlink\" x=\"0px\" y=\"0px\"\n\t viewBox=\"0 0 16 16\" style=\"enable-background:new 0 0 16 16;\" xml:space=\"preserve\"><path d=\"M8,8c2.2,0,4-1.8,4-4s-1.8-4-4-4S4,1.8,4,4S5.8,8,8,8z M8,10c-2.7,0-8,1.3-8,4v1c0,0.5,0.4,1,1,1h14c0.5,0,1-0.5,1-1v-1\n\tC16,11.3,10.7,10,8,10z\"\/><\/svg><\/span>\t\t<\/div>\n\t\t<div class=\"testimonial-desc\">\n\t\t\t<span class=\"text-primary\">Rolf Stauffer<\/span><span class=\"text-secondary color-secondary\">Spedition\nStuder-Biennaform AG, Biel<\/span>\t\t<\/div>\n\t<\/div>\n<\/article>\n<article>\n\t<div class=\"testimonial-content\">\n\t\t<p>Zaugg liefert sehr promt und immer in einwandfreiem Zustand. Diesen Service\u00a0bekommen wir in einem stimmigen Preis-\/Leistungsverh\u00e4ltnis.<\/p>\n\t<\/div>\n\t<div class=\"testimonial-vcard\">\n\t\t<div class=\"testimonial-thumbnail\">\n\t\t\t<span class=\"alignleft no-avatar\"><svg version=\"1.1\" id=\"Layer_1\" xmlns=\"http:\/\/www.w3.org\/2000\/svg\" xmlns:xlink=\"http:\/\/www.w3.org\/1999\/xlink\" x=\"0px\" y=\"0px\"\n\t viewBox=\"0 0 16 16\" style=\"enable-background:new 0 0 16 16;\" xml:space=\"preserve\"><path d=\"M8,8c2.2,0,4-1.8,4-4s-1.8-4-4-4S4,1.8,4,4S5.8,8,8,8z M8,10c-2.7,0-8,1.3-8,4v1c0,0.5,0.4,1,1,1h14c0.5,0,1-0.5,1-1v-1\n\tC16,11.3,10.7,10,8,10z\"\/><\/svg><\/span>\t\t<\/div>\n\t\t<div class=\"testimonial-desc\">\n\t\t\t<span class=\"text-primary\">Sandra Kreis<\/span><span class=\"text-secondary color-secondary\">Einkauf\nGleason Pfauter Maschinenfabrik GmbH, Studen<\/span>\t\t<\/div>\n\t<\/div>\n<\/article>\n<article>\n\t<div class=\"testimonial-content\">\n\t\t<p>Jedes Mal, wenn ich eine spezielle Anforderung oder einen bestimmten Termin\u00a0brauche, kann ich auf Zaugg z\u00e4hlen, dass sie meine W\u00fcnsche erf\u00fcllen.<\/p>\n\t<\/div>\n\t<div class=\"testimonial-vcard\">\n\t\t<div class=\"testimonial-thumbnail\">\n\t\t\t<span class=\"alignleft no-avatar\"><svg version=\"1.1\" id=\"Layer_1\" xmlns=\"http:\/\/www.w3.org\/2000\/svg\" xmlns:xlink=\"http:\/\/www.w3.org\/1999\/xlink\" x=\"0px\" y=\"0px\"\n\t viewBox=\"0 0 16 16\" style=\"enable-background:new 0 0 16 16;\" xml:space=\"preserve\"><path d=\"M8,8c2.2,0,4-1.8,4-4s-1.8-4-4-4S4,1.8,4,4S5.8,8,8,8z M8,10c-2.7,0-8,1.3-8,4v1c0,0.5,0.4,1,1,1h14c0.5,0,1-0.5,1-1v-1\n\tC16,11.3,10.7,10,8,10z\"\/><\/svg><\/span>\t\t<\/div>\n\t\t<div class=\"testimonial-desc\">\n\t\t\t<span class=\"text-primary\">ZhaoHong Wang<\/span><span class=\"text-secondary color-secondary\">Logistiker\nAgie Charmilles North China, Peking<\/span>\t\t<\/div>\n\t<\/div>\n<\/article>\n<article>\n\t<div class=\"testimonial-content\">\n\t\t<p>Ich kann auf Zaugg z\u00e4hlen, dass Sie jedes Mal einen perfekten Service bieten.\u00a0Speziell der Online-Service f\u00fcr Packdaten ist eine grosse Hilfe f\u00fcr mich.<\/p>\n\t<\/div>\n\t<div class=\"testimonial-vcard\">\n\t\t<div class=\"testimonial-thumbnail\">\n\t\t\t<span class=\"alignleft no-avatar\"><svg version=\"1.1\" id=\"Layer_1\" xmlns=\"http:\/\/www.w3.org\/2000\/svg\" xmlns:xlink=\"http:\/\/www.w3.org\/1999\/xlink\" x=\"0px\" y=\"0px\"\n\t viewBox=\"0 0 16 16\" style=\"enable-background:new 0 0 16 16;\" xml:space=\"preserve\"><path d=\"M8,8c2.2,0,4-1.8,4-4s-1.8-4-4-4S4,1.8,4,4S5.8,8,8,8z M8,10c-2.7,0-8,1.3-8,4v1c0,0.5,0.4,1,1,1h14c0.5,0,1-0.5,1-1v-1\n\tC16,11.3,10.7,10,8,10z\"\/><\/svg><\/span>\t\t<\/div>\n\t\t<div class=\"testimonial-desc\">\n\t\t\t<span class=\"text-primary\">Rainbow Lai<\/span><span class=\"text-secondary color-secondary\">Logistik Manager\nGeorg Fischer Machining Solution, Hong Kong<\/span>\t\t<\/div>\n\t<\/div>\n<\/article>\n<\/div>\n<\/section><div class=\"gap\" style=\"line-height: 50px; height: 50px;\"><\/div>[\/vc_column][\/vc_row]<\/p>\n","protected":false},"excerpt":{"rendered":"<p>[vc_row][vc_column][rev_slider_vc alias=&#8220;home_de1&#8243;][\/vc_column][\/vc_row][vc_row animation=&#8220;scale-up&#8220; margin_top=&#8220;20&#8243; margin_bottom=&#8220;20&#8243;][vc_column][vc_column_text] Wir verpacken fachgerecht und transportieren weltweit. [\/vc_column_text][\/vc_column][\/vc_row][vc_row][vc_column width=&#8220;1\/3&#8243;][\/vc_column][vc_column width=&#8220;1\/3&#8243;][\/vc_column][vc_column width=&#8220;1\/3&#8243;][\/vc_column][\/vc_row][vc_row][vc_column][\/vc_column][\/vc_row][vc_row][vc_column width=&#8220;2\/3&#8243;][vc_column_text] Unsere Kunden [\/vc_column_text][\/vc_column][vc_column width=&#8220;1\/3&#8243;][vc_column_text] Testimonials [\/vc_column_text][\/vc_column][\/vc_row]<\/p>\n","protected":false},"author":1,"featured_media":0,"parent":0,"menu_order":20,"comment_status":"closed","ping_status":"closed","template":"","meta":{"footnotes":""},"class_list":["post-12797","page","type-page","status-publish","hentry","description-off"],"_links":{"self":[{"href":"https:\/\/zauggag.com\/cina_new\/wp-json\/wp\/v2\/pages\/12797","targetHints":{"allow":["GET"]}}],"collection":[{"href":"https:\/\/zauggag.com\/cina_new\/wp-json\/wp\/v2\/pages"}],"about":[{"href":"https:\/\/zauggag.com\/cina_new\/wp-json\/wp\/v2\/types\/page"}],"author":[{"embeddable":true,"href":"https:\/\/zauggag.com\/cina_new\/wp-json\/wp\/v2\/users\/1"}],"replies":[{"embeddable":true,"href":"https:\/\/zauggag.com\/cina_new\/wp-json\/wp\/v2\/comments?post=12797"}],"version-history":[{"count":4,"href":"https:\/\/zauggag.com\/cina_new\/wp-json\/wp\/v2\/pages\/12797\/revisions"}],"predecessor-version":[{"id":20587,"href":"https:\/\/zauggag.com\/cina_new\/wp-json\/wp\/v2\/pages\/12797\/revisions\/20587"}],"wp:attachment":[{"href":"https:\/\/zauggag.com\/cina_new\/wp-json\/wp\/v2\/media?parent=12797"}],"curies":[{"name":"wp","href":"https:\/\/api.w.org\/{rel}","templated":true}]}}