{"id":14896,"date":"2014-01-12T14:18:05","date_gmt":"2014-01-12T12:18:05","guid":{"rendered":"http:\/\/server42.cyon.ch\/~zauggagc\/services-2\/logistik\/"},"modified":"2017-03-31T08:49:41","modified_gmt":"2017-03-31T08:49:41","slug":"logistik","status":"publish","type":"page","link":"https:\/\/zauggag.com\/cina_new\/logistik\/","title":{"rendered":"Logistik"},"content":{"rendered":"<p>[vc_row margin_top=&#8220;50&#8243; margin_bottom=&#8220;100&#8243;][vc_column]<style type=\"text\/css\" data-type=\"the7_shortcodes-inline-css\">.shortcode-single-image-wrap.shortcode-single-image-07bef45f31cf4682458d9158989decc9.enable-bg-rollover .rollover i,\n.shortcode-single-image-wrap.shortcode-single-image-07bef45f31cf4682458d9158989decc9.enable-bg-rollover .rollover-video i {\n  background: ;\n  background: -webkit-linear-gradient();\n  background: linear-gradient();\n}\n.shortcode-single-image-wrap.shortcode-single-image-07bef45f31cf4682458d9158989decc9 .rollover-icon {\n  font-size: 32px;\n  color: #ffffff;\n  min-width: 44px;\n  min-height: 44px;\n  line-height: 44px;\n  border-radius: 100px;\n  border-style: solid;\n  border-width: 0px;\n}\n.dt-icon-bg-on.shortcode-single-image-wrap.shortcode-single-image-07bef45f31cf4682458d9158989decc9 .rollover-icon {\n  background: rgba(255,255,255,0.3);\n  box-shadow: none;\n}<\/style><div class=\"shortcode-single-image-wrap shortcode-single-image-07bef45f31cf4682458d9158989decc9 alignnone  enable-bg-rollover dt-icon-bg-off\" style=\"margin-top:0px; margin-bottom:0px; margin-left:0px; margin-right:0px; width:1200px;\"><div class=\"shortcode-single-image\"><div class=\"fancy-media-wrap  layzr-bg\" style=\"\"><img fetchpriority=\"high\" decoding=\"async\" class=\"preload-me lazy-load aspect\" src=\"data:image\/svg+xml,%3Csvg%20xmlns%3D&#39;http%3A%2F%2Fwww.w3.org%2F2000%2Fsvg&#39;%20viewBox%3D&#39;0%200%201200%20675&#39;%2F%3E\" data-src=\"https:\/\/zauggag.com\/cina_new\/wp-content\/uploads\/2017\/03\/Logistik-1.jpg\" data-srcset=\"https:\/\/zauggag.com\/cina_new\/wp-content\/uploads\/2017\/03\/Logistik-1.jpg 1200w\" loading=\"eager\" sizes=\"(max-width: 1200px) 100vw, 1200px\" width=\"1200\" height=\"675\"  data-dt-location=\"https:\/\/zauggag.com\/cina_new\/logistik-6\/\" style=\"--ratio: 1200 \/ 675;\" alt=\"\" \/><\/div><\/div><\/div>[\/vc_column][\/vc_row][vc_row][vc_column width=&#8220;1\/2&#8243;][vc_column_text]<\/p>\n<h3>Massgeschneiderte L\u00f6sung<\/h3>\n<p>[\/vc_column_text]<div class=\"gap\" style=\"line-height: 40px; height: 40px;\"><\/div>[vc_column_text]Jedes Transportgut hat eigene Bed\u00fcrfnisse, welche die Wahl des oder der Transportmittel bestimmen. Als Verpackungs-Spezialist kennen wir diese Bed\u00fcrfnisse und nutzen unser Wissen, um f\u00fcr Ihr Gut den optimalen Transportweg zu organisieren.<\/p>\n<p>Dank unseres Shipping Information Tools\u00a0wissen Sie zu jeder Zeit genau, wo sich Ihr Versandgut befindet und wann es\u00a0seinen Bestimmungsort erreicht. Verlangen Sie einfach Ihre Login-Daten.[\/vc_column_text]<div class=\"gap\" style=\"line-height: 50px; height: 50px;\"><\/div>[\/vc_column][vc_column width=&#8220;1\/2&#8243;][\/vc_column][\/vc_row]<\/p>\n","protected":false},"excerpt":{"rendered":"<p>[vc_row margin_top=&#8220;50&#8243; margin_bottom=&#8220;100&#8243;][vc_column][\/vc_column][\/vc_row][vc_row][vc_column width=&#8220;1\/2&#8243;][vc_column_text] Massgeschneiderte L\u00f6sung [\/vc_column_text][vc_column_text]Jedes Transportgut hat eigene Bed\u00fcrfnisse, welche die Wahl des oder der Transportmittel bestimmen. Als Verpackungs-Spezialist kennen wir diese Bed\u00fcrfnisse und nutzen unser Wissen, um f\u00fcr Ihr Gut den optimalen Transportweg zu organisieren. Dank unseres Shipping Information Tools\u00a0wissen Sie zu jeder Zeit genau, wo sich Ihr Versandgut befindet und wann&hellip;<\/p>\n","protected":false},"author":1,"featured_media":0,"parent":0,"menu_order":0,"comment_status":"closed","ping_status":"closed","template":"","meta":{"footnotes":""},"class_list":["post-14896","page","type-page","status-publish","hentry","description-off"],"_links":{"self":[{"href":"https:\/\/zauggag.com\/cina_new\/wp-json\/wp\/v2\/pages\/14896","targetHints":{"allow":["GET"]}}],"collection":[{"href":"https:\/\/zauggag.com\/cina_new\/wp-json\/wp\/v2\/pages"}],"about":[{"href":"https:\/\/zauggag.com\/cina_new\/wp-json\/wp\/v2\/types\/page"}],"author":[{"embeddable":true,"href":"https:\/\/zauggag.com\/cina_new\/wp-json\/wp\/v2\/users\/1"}],"replies":[{"embeddable":true,"href":"https:\/\/zauggag.com\/cina_new\/wp-json\/wp\/v2\/comments?post=14896"}],"version-history":[{"count":1,"href":"https:\/\/zauggag.com\/cina_new\/wp-json\/wp\/v2\/pages\/14896\/revisions"}],"predecessor-version":[{"id":19727,"href":"https:\/\/zauggag.com\/cina_new\/wp-json\/wp\/v2\/pages\/14896\/revisions\/19727"}],"wp:attachment":[{"href":"https:\/\/zauggag.com\/cina_new\/wp-json\/wp\/v2\/media?parent=14896"}],"curies":[{"name":"wp","href":"https:\/\/api.w.org\/{rel}","templated":true}]}}